 Let n(y) = -y**3 + 9*y**2 + 2*y - 13. Let a be n(q). What is the units digit of ((-72)/(-20))/(2/a)?
9
Suppose 4*v = 25 + 3. What is the units digit of v?
7
Let q(i) = -4*i + i + 3*i + i. Let a(h) = 3*h. Let n be a(1). What is the units digit of q(n)?
3
Let g(n) = n**2 - 6*n - 10. Let u be g(8). Suppose t = u*t - 85. What is the units digit of t?
7
Let u be 32/6 - (-2)/3. Let l = u - 4. Suppose l*c + 3*c = 10. What is the units digit of c?
2
Suppose 2*y - 133 = -l - 2*l, -4*y - 185 = -5*l. What is the units digit of l?
1
Suppose 0*g = 3*g - 15. Let s(h) = 15*h**2 - 10*h + 19. Let c(w) = -7*w**2 + 5*w - 9. Let b(y) = -13*c(y) - 6*s(y). What is the units digit of b(g)?
3
Let i(h) = -h**3 + h**2 + 4*h. Let m be i(3). Let o be 3/((-3)/5) - 2. Let y = m - o. What is the units digit of y?
1
Suppose v + r + 2 = -4*v, -3*v - 4*r - 8 = 0. Suppose v = a + a - 14. What is the units digit of a?
7
Let k = 38 - 23. Suppose k = -m + 2*m - 3*j, 4*j = -16. What is the units digit of m?
3
What is the tens digit of 12/42 - (-537)/7?
7
Suppose 4*r - 152 = 2*n + 2*n, -2*r - 3*n + 56 = 0. Suppose -m - r = 4*m + x, -2*m + 4*x = 18. Let l = m + 10. What is the units digit of l?
3
Suppose -4*s - 7*z + 4*z = -643, 812 = 5*s + z. What is the hundreds digit of s?
1
What is the units digit of 71/6 + 9/54?
2
Let f be -1*(2 + (-12 - 2)). Suppose 3*o = 3*r + 3, 0 = -2*r + 4 - 2. Suppose l + o*l = f. What is the units digit of l?
4
Let x = -1 - -1. Let l = -48 + 48. Suppose g + l*g - 11 = x. What is the tens digit of g?
1
What is the units digit of (7/(-2))/(5/(-20))?
4
Suppose -5*r + 27 = -2*r. Let x = 6 - r. What is the units digit of x + 3 + 3 + -1?
2
Let o(k) = -k**3 + 5*k**2 + k - 1. Let m be o(5). Suppose 25 = 3*n + 2*n, 3*v + 20 = m*n. What is the units digit of (0 + -4)*(-1 + v)?
4
Suppose 0 = 5*o + 2 - 27. Suppose s + 10 = 3*j, 0*j + o*j - 5*s - 30 = 0. Suppose 5*w + 0*a - a = 50, -4*w = j*a - 26. What is the units digit of w?
9
Let d(b) = -b**3 - 6*b**2 + 8*b - 3. Let l be d(-7). Let o = -14 - l. Let t = 6 + o. What is the units digit of t?
2
Suppose 3*t - t = 2. Let y be (-8*t)/(6/(-15)). Suppose a = -3*a + y. What is the units digit of a?
5
Suppose 2*m = m. Suppose -5*n + 79 + 26 = 0. Suppose 5*u - r - 7 = 22, m = 5*u + r - n. What is the units digit of u?
5
Let l = -169 + 259. What is the units digit of l?
0
Let r(z) = -2*z - 2. What is the units digit of r(-5)?
8
Let v be (-15)/2*8/5. Let f = v - -28. What is the tens digit of f?
1
Suppose -4*v - 8*v + 708 = 0. What is the tens digit of v?
5
Let x = 4 - 8. What is the units digit of 70/8 + (-1)/x?
9
Suppose 2*p = -2 + 80. Suppose u - p = -0*u. Let s = -28 + u. What is the tens digit of s?
1
Suppose 2*q - 2 = 0, g - 2*g + 4*q = 1. Suppose -3*c = g*d - 45, 3*d - 2*c - 103 = -33. Suppose d = 3*w + w. What is the units digit of w?
5
Suppose 2*f + 2*f = -5*r + 280, 5*f + 3*r = 337. What is the units digit of f?
5
Suppose -3*j - 36 = -189. What is the tens digit of j?
5
Let v(u) = 26*u + 2. What is the tens digit of v(1)?
2
Let s(k) = -k**2 + 30*k - 12. What is the units digit of s(25)?
3
Suppose -4*n + 3*n = 0. Let m = 2 - n. What is the units digit of m?
2
Suppose 4*z = 92 + 196. What is the units digit of z?
2
Let b be (6/(-15))/((-2)/(-20)). Suppose 6*j - 3*j + 2*m = 44, -j + 4*m = -10. Let i = j - b. What is the tens digit of i?
1
Suppose 3 = -n - d, -4*n + 5*d = n + 15. Let g be n + -6*(-1)/1. Suppose 21 = 4*m - 3*t, g*m - t = -3*t + 3. What is the units digit of m?
3
Let o(x) = x**3 - 3*x**2 - 4*x - 6. Let d be o(5). Suppose i = l - 0*l - 6, -5*i = l + d. What is the units digit of l?
1
Let y(z) = z**3 - 11*z**2 + 14*z + 6. What is the units digit of y(10)?
6
Suppose 0 = 2*i + 6, 0 = -w - 2*i - 0 + 1. Let m be (3/2)/1*2. Suppose -m*g = w - 22. What is the units digit of g?
5
Let h = -11 + 9. Let j(d) = -8*d - 3. What is the units digit of j(h)?
3
What is the tens digit of (9/15)/((-4)/(-220))?
3
Suppose -l = l + 4*h - 174, 0 = 4*l + 5*h - 333. What is the units digit of l?
7
Let x be (-1 + 2)*30/(-6). Let t = x + 34. Suppose 5*k + 0*k = -u + t, u = 4. What is the units digit of k?
5
Suppose -3*b + 4*n = -36, 2*b + 2*n + 0*n - 10 = 0. Let r be b + 2 + (2 - 2). Let l = -3 + r. What is the units digit of l?
7
Let q(i) = -33*i + 16. What is the tens digit of q(-4)?
4
Let i(a) = -7*a - 18. What is the tens digit of i(-14)?
8
What is the units digit of (-24)/(-36) - 64/(-3)?
2
Suppose 0*d + 81 = 3*d. Suppose -m = 2*m - d. What is the units digit of m?
9
Let z(k) = 6 - 4 + 9*k - 3. What is the tens digit of z(2)?
1
Suppose -5*q = -71 - 109. What is the tens digit of q?
3
Let b(r) = 2*r**3 - 2*r**2 + r - 4. What is the units digit of b(4)?
6
Suppose 96 = 5*x - 79. What is the tens digit of x?
3
Suppose 6*h = 4*g + 2*h - 16, -5*g + 22 = -4*h. Suppose -f = 2*s - g*s + 81, 2*f - 58 = -3*s. What is the tens digit of s?
2
Suppose 2*j - 2*a + 21 = -j, 0 = 4*j - 5*a + 35. Let o = j + 10. What is the units digit of o?
5
Let t(i) = 2*i**2 - 3*i + 3. Let l be t(2). Suppose 0 = 5*z + 3*p - 2*p - 34, -l*p = 5. What is the units digit of z?
7
Let z(k) = 5*k + 5. Let p be z(7). Suppose p = 3*g - 5. What is the tens digit of g?
1
Suppose 0 = -4*g - 59 + 359. Suppose -g = -4*r + 5*u, -3*r + 24 = 4*u - 40. What is the tens digit of r?
2
Let l(v) = -18*v - 29. What is the units digit of l(-17)?
7
Suppose -j + 34 = 4. What is the units digit of j?
0
What is the tens digit of 27/2 + (-10)/20?
1
Suppose -r = -0*r + 2*j + 15, 4*r + 4*j + 40 = 0. Let k = -3 - r. Suppose 0 = d - 3*t + 2*t - 6, k*d + 3*t - 2 = 0. What is the units digit of d?
4
Let a be ((-7)/(-3) - 3)*9. Let r(u) = -u + 4. What is the tens digit of r(a)?
1
Let u be ((-2)/2)/(3/(-12)). Let l be (-2)/3 - 64/(-6). What is the units digit of 1/((8/l)/u)?
5
Let o = 3 + 2. Suppose 0 = -5*m + 5*c + 90, 5*m + o*c = -0*c + 40. What is the units digit of m?
3
Let r be (10/(-8))/(4/(-16)). Suppose q + l = -5, r*q + 3*l = -0*l - 17. What is the units digit of 6 + q + 2 + -3?
4
Suppose -4*l = -2 - 14. Let m be ((-57)/12)/(1/l). Let x = m + 28. What is the units digit of x?
9
Suppose 2*x + 10 = 2. What is the units digit of 9 + 1 + (x - -1)?
7
Let l(b) = -2*b**2 - 3. Let h(p) = -3*p**2 + p - 4. Let k = -2 - -6. Let u(o) = k*l(o) - 3*h(o). What is the units digit of u(5)?
0
What is the tens digit of 3 + (9 - (-2 + 2))?
1
Let h(v) = -v**2 + 5*v + 6. Let x be h(8). Let c = x + 28. What is the tens digit of c?
1
Suppose 4 = 14*j - 18*j. What is the tens digit of ((-2)/(-5))/(j/(-30))?
1
Let h be (12/(-5))/(3/(-20)). What is the units digit of (h/(-20))/(2/(-45))?
8
Suppose 2*h + 2*q - 68 = -0*q, 2*h - q - 65 = 0. What is the tens digit of h?
3
Let j = -52 + 135. Let v = j + -31. What is the units digit of v?
2
Suppose -4*w - 5*i = -49, -4*w + 4*i = -1 - 3. Suppose 5*o + 32 = -w*r + 3*r, 5*r + 75 = -4*o. Let z = r + 38. What is the tens digit of z?
1
Let y = 11 + 15. What is the units digit of y?
6
Let h = 5 - 8. Let a be (0 - 1)/(h/(-6)). What is the units digit of (55/(-10))/(a/4)?
1
Let v(t) = -42*t + 90. What is the hundreds digit of v(-7)?
3
Let f(w) = -w + 2. Let p be -10*((-10)/4 + 2). Let r = p - 5. What is the units digit of f(r)?
2
Let x(n) = 3*n**2 + 6*n - 5. What is the units digit of x(4)?
7
Suppose k - 22 = 8. Let d = k - -15. Suppose 4*r - 3*t - d = 0, r + 4*t - 1 = -4. What is the units digit of r?
9
Suppose 7*f = 2*f + 10. Suppose 0 = 4*z - 2*w - 11 - 99, 5*w - 37 = -f*z. What is the units digit of z?
6
Suppose -4*v + 16 = -2*r - 2*r, 4*v - 12 = 2*r. Let h = 3 + r. Let g(d) = 6*d**2 - 2*d + 1. What is the units digit of g(h)?
5
Let w = -5 - -9. Suppose 5*q - w*q = 10. What is the tens digit of q?
1
Let z(w) = -w**2 - 15*w - 10. What is the tens digit of z(-11)?
3
Let i(p) = -p**3 + 2*p**2 - 1. Let t be i(3). What is the units digit of (-54)/(-15)*t/(-3)?
2
Let b(q) = -q**3 - 4*q**2 + 4*q - 4. Let g(w) = w**3. Let n(y) = -b(y) - 2*g(y). What is the units digit of n(3)?
1
Let a = 28 - 24. What is the units digit of a?
4
Suppose -3*k = 5*o - 4*o - 2, k = -5*o + 10. Let y(t) = 9*t - 1. What is the units digit of y(o)?
7
Suppose 6*u - 16 = 2*u. Suppose u*r + 17 = 93. What is the units digit of r?
9
Suppose 0*p + 240 = 5*p. What is the units digit of p?
8
Suppose 4*f + 4*p = 8*